11) in base 16?
-4
-7 (base 13) to base 4
-13
201 (base 7) to base 9
120
What is 0 (base 4) in base 16?
0
Convert -17 (base 8) to base 14.
-11
What is 23 (base 14) in base 11?
29
169 (base 13) to base 5
2011
Convert 82 (base 15) to base 6.
322
What is -253 (base 11) in base 15?
-150
342 (base 8) to base 5
1401
What is 1c (base 14) in base 6?
42
Convert -43 (base 10) to base 13.
-34
What is 1043 (base 6) in base 5?
1433
What is a (base 11) in base 16?
a
16 (base 8) to base 11
13
-11 (base 3) to base 9
-4
What is 15 (base 7) in base 11?
11
What is -331 (base 9) in base 4?
-10033
What is -11 (base 16) in base 4?
-101
2 (base 13) to base 15
2
-1 (base 16) to base 2
-1
-1220 (base 3) to base 10
-51
Convert -150 (base 7) to base 5.
-314
Convert -4 (base 11) to base 7.
-4
What is 355 (base 7) in base 15?
c7
Convert 325 (base 9) to base 12.
1a2
Convert 28 (base 13) to base 9.
37
-22 (base 14) to base 13
-24
-2 (base 14) to base 5
-2
What is -4 (base 5) in base 2?
-100
Convert -14 (base 9) to base 8.
-15
What is 297 (base 10) in base 2?
100101001
-7 (base 9) to base 14
-7
What is 6 (base 12) in base 8?
6
-12 (base 3) to base 16
-5
-40 (base 12) to base 13
-39
10101 (base 2) to base 3
210
Convert 3 (base 9) to base 4.
3
What is -4 (base 12) in base 14?
-4
What is -1102 (base 4) in base 8?
-122
Convert -18 (base 16) to base 7.
-33
What is 21 (base 13) in base 2?
11011
Convert 0 (base 5) to base 6.
0
10 (base 8) to base 7
11
Convert -1143 (base 6) to base 12.
-1b3
Convert 2 (base 10) to base 2.
10
-15 (base 14) to base 2
-10011
8 (base 13) to base 3
22
-1 (base 8) to base 9
-1
-4 (base 8) to base 12
-4
What is 0 (base 15) in base 7?
0
Convert -4 (base 9) to base 11.
-4
What is 422 (base 9) in base 6?
1332
-8b (base 13) to base 8
-163
What is 1 (base 12) in base 16?
1
Convert 155 (base 9) to base 3.
11212
Convert -37 (base 8) to base 3.
-1011
-4 (base 16) to base 14
-4
What is 4 (base 9) in base 7?
4
105 (base 6) to base 9
45
Convert 1 (base 3) to base 13.
1
-134 (base 9) to base 15
-77
-14 (base 10) to base 15
-e
What is -14 (base 12) in base 5?
-31
23 (base 4) to base 2
1011
What is -1 (base 16) in base 14?
-1
Convert 34 (base 8) to base 9.
31
What is -9 (base 15) in base 2?
-1001
-2 (base 3) to base 8
-2
0 (base 6) to base 4
0
What is -33 (base 6) in base 7?
-30
What is 20 (base 4) in base 11?
8
-3 (base 11) to base 12
-3
What is 100111 (base 2) in base 6?
103
What is 25 (base 6) in base 7?
23
-87 (base 10) to base 16
-57
Convert -4 (base 7) to base 13.
-4
Convert 2 (base 3) to base 13.
2
4 (base 6) to base 11
4
Convert 20011 (base 3) to base 10.
166
Convert 53 (base 9) to base 3.
1210
What is 5 (base 11) in base 10?
5
What is -3 (base 4) in base 8?
-3
Convert 2 (base 14) to base 12.
2
-1 (base 8) to base 14
-1
-1 (base 13) to base 9
-1
-4 (base 12) to base 5
-4
Convert -342 (base 6) to base 12.
-b2
What is -3 (base 13) in base 5?
-3
What is 3 (base 13) in base 5?
3
-10 (base 2) to base 16
-2
What is a8 (base 13) in base 10?
138
What is -5 (base 7) in base 12?
-5
What is 2011 (base 4) in base 11?
111
What is -3 (base 7) in base 13?
-3
Convert -5 (base 14) to base 15.
-5
What is a1 (base 13) in base 15?
8b
What is -10 (base 8) in base 7?
-11
Convert 103 (base 6) to base 12.
33
Convert 2 (base 7) to base 5.
2
1112 (base 3) to base 5
131
Convert -104 (base 9) to base 3.
-10011
-53 (base 6) to base 10
-33
What is 100 (base 4) in base 9?
17
-72 (base 15) to base 16
-6b
What is -18 (base 13) in base 9?
-23
Convert 23 (base 4) to base 14.
b
Convert -11 (base 8) to base 7.
-12
-20 (base 10) to base 4
-110
Convert -12 (base 15) to base 10.
-17
What is 8 (base 12) in base 2?
1000
Convert 5b (base 13) to base 11.
6a
Convert -222 (base 5) to base 4.
-332
3 (base 6) to base 14
3
What is -278 (base 9) in base 10?
-233
What is -5 (base 6) in base 4?
-11
Convert -5 (base 14) to base 9.
-5
Convert -9 (base 11) to base 9.
-10
-50 (base 8) to base 15
-2a
What is -9 (base 13) in base 6?
-13
What is -133 (base 10) in base 14?
-97
What is 3 (base 4) in base 8?
3
What is -14 (base 7) in base 13?
-b
What is 0 (base 15) in base 4?
0
-9 (base 15) to base 7
-12
Convert 52 (base 6) to base 4.
200
Convert 0 (base 16) to base 11.
0
What is 551 (base 7) in base 14?
161
What is 2 (base 10) in base 7?
2
10 (base 7) to base 6
11
Convert -8 (base 12) to base 6.
-12
-175 (base 9) to base 4
-2111
100 (base 4) to base 13
13
Convert 13 (base 7) to base 11.
a
-21 (base 10) to base 12
-19
What is 6 (base 16) in base 12?
6
Convert -1 (base 8) to base 12.
-1
Convert -18 (base 15) to base 10.
-23
Convert 2022 (base 3) to base 12.
52
What is -9 (base 14) in base 12?
-9
7 (base 16) to base 10
7
1 (base 10) to base 3
1
Convert -132 (base 5) to base 2.
-101010
9 (base 14) to base 5
14
Convert 155 (base 8) to base 9.
131
What is c (base 15) in base 10?
12
-3 (base 15) to base 16
-3
Convert -1 (base 4) to base 9.
-1
63 (base 15) to base 13
72
What is -30 (base 9) in base 14?
-1d
1011001 (base 2) to base 15
5e
What is -4 (base 15) in base 11?
-4
Convert 54 (base 12) to base 8.
100
c (base 15) to base 11
11
What is -b (base 12) in base 16?
-b
3 (base 7) to base 12
3
Convert 151 (base 12) to base 4.
3031
110 (base 2) to base 13
6
Convert -4 (base 8) to base 15.
-4
Convert -1 (base 8) to base 5.
-1
What is -1 (base 15) in base 5?
-1
Convert 1102 (base 3) to base 8.
46
Convert -15 (base 10) to base 13.
-12
Convert -2121 (base 5) to base 6.
-1154
What is -11 (base 10) in base 8?
-13
What is -4 (base 7) in base 13?
-4
-4 (base 8) to base 16
-4
What is -1313 (base 5) in base 8?
-320
What is 13 (base 15) in base 6?
30
What is -d (base 15) in base 16?
-d
What is 4 (base 14) in base 11?
4
Convert -43 (base 11) to base 9.
-52
Convert -3 (base 7) to base 12.
-3
23 (base 9) to base 6
33
What is -10 (base 7) in base 16?
-7
What is -11 (base 4) in base 13?
-5
What is -10110 (base 3) in base 2?
-1011101
Convert 2 (base 5) to base 10.
2
-643 (base 7) to base 11
-276
What is 6 (base 13) in base 9?
6
-75 (base 14) to base 2
-1100111
80 (base 9) to base 12
60
What is 12 (base 9) in base 13?
b
Convert 7f (base 16) to base 10.
127
Convert -3 (base 14) to base 13.
-3
Convert -14 (base 5) to base 12.
-9
Convert 0 (base 7) to base 8.
0
Convert 104 (base 8) to base 15.
48
What is -9 (base 16) in base 3?
-100
What is 2 (base 13) in base 2?
10
What is 29 (base 10) in base 14?
21
What is 1 (base 6) in base 15?
1
Convert -3 (base 11) to base 9.
-3
-5 (base 10) to base 4
-11
7 (base 16) to base 14
7
Convert -102 (base 7) to base 2.
-110011
What is 0 (base 3) in base 16?
0
-1 (base 12) to base 11
-1
Convert 4 (base 14) to base 6.
4
231 (base 6) to base 14
67
-1 (base 4) to base 10
-1
What is 1 (base 9) in base 3?
1
Convert 6 (base 8) to base 9.
6
Convert -13 (base 5) to base 16.
-8
What is -12 (base 16) in base 8?
-22
Convert 0 (base 16) to base 10.
0
Convert -2 (base 10) to base 9.
-2
What is -11 (base 10) in base 6?
-15
Convert 3 (base 16) to base 13.
3
What is 21 (base 5) in base 2?
1011
Convert 17 (base 8) to base 9.
16
What is -33 (base 15) in base 5?
-143
What is 30 (base 7) in base 10?
21
What is 1 (base 12) in base 9?
1
Convert -350 (base 6) to base 10.
-138
-1a (base 14) to base 6
-40
Convert 3b (base 14) to base 8.
65
What is 102 (base 14) in base 16?
c6
-10 (base 14) to base 9
-15
What is 0 (base 7) in base 15?
0
What is 1110100 (base 2) in base 13?
8c
Convert a (base 15) to base 7.
13
311 (base 5) to base 3
10000
-3 (base 5) to base 15
-3
Convert -4 (base 15) to base 2.
-100
265 (base 9) to base 14
11b
-1000 (base 3) to base 8
-33
What is -5 (base 11) in base 15?
-5
What is 3 (base 7) in base 12?
3
Convert 49 (base 10) to base 4.
301
What is -15 (base 13) in base 3?
-200
Convert -1110001 (base 2) to base 7.
-221
What is 16 (base 14) in base 6?
32
Convert 2222 (base 3) to base 6.
212
26 (base 8) to base 11
20
Convert -24 (base 6) to base 3.
-121
What is -11100011 (base 2) in base 6?
-1015
Convert -11 (base 15) to base 5.
-31
2 (base 6) to base 14
2
Convert 77 (base 10) to base 13.
5c
What is 28 (base 9) in base 5?
101
Convert -3 (base 16) to base 13.
-3
What is -442 (base 6) in base 14?
-c2
What is 2 (base 14) in base 16?
2
Convert -132 (base 8) to base 6.
-230
15 (base 8) to base 10
13
Convert -33 (base 5) to base 3.
